 7263112?
2
What is the thousands digit of 39566972?
6
What is the thousands digit of 458991274?
1
What is the hundreds digit of 518898077?
0
What is the hundreds digit of 15871272?
2
What is the millions digit of 1368346897?
8
What is the hundred thousands digit of 22674847?
6
What is the ten millions digit of 452861390?
5
What is the tens digit of 28324999?
9
What is the ten millions digit of 1601896744?
0
What is the tens digit of 124134572?
7
What is the units digit of 232669947?
7
What is the ten thousands digit of 22693427?
9
What is the ten millions digit of 682183393?
8
What is the millions digit of 447782075?
7
What is the tens digit of 477004678?
7
What is the millions digit of 2762877504?
2
What is the units digit of 92810848?
8
What is the hundreds digit of 460421318?
3
What is the ten millions digit of 1784345316?
8
What is the units digit of 9222719?
9
What is the millions digit of 11579619?
1
What is the tens digit of 187158715?
1
What is the hundred millions digit of 4533047224?
5
What is the thousands digit of 55350797?
0
What is the ten thousands digit of 52874365?
7
What is the units digit of 28616039?
9
What is the ten thousands digit of 8028232?
2
What is the hundred millions digit of 2888002437?
8
What is the ten thousands digit of 7524616?
2
What is the tens digit of 19760583?
8
What is the hundreds digit of 760218879?
8
What is the hundreds digit of 6514354968?
9
What is the hundred thousands digit of 32269003?
2
What is the millions digit of 42709838?
2
What is the millions digit of 25529751?
5
What is the tens digit of 50473779?
7
What is the hundred millions digit of 280430211?
2
What is the hundred thousands digit of 68746673?
7
What is the millions digit of 100719926?
0
What is the millions digit of 36625632?
6
What is the millions digit of 2219747759?
9
What is the tens digit of 72736830?
3
What is the millions digit of 3584018421?
4
What is the ten millions digit of 55157921?
5
What is the hundred millions digit of 156823364?
1
What is the thousands digit of 355742095?
2
What is the millions digit of 419504252?
9
What is the hundred thousands digit of 91529465?
5
What is the tens digit of 38167592?
9
What is the hundreds digit of 3149499188?
1
What is the ten thousands digit of 490674870?
7
What is the hundred thousands digit of 226518591?
5
What is the hundred thousands digit of 853097898?
0
What is the ten thousands digit of 1635858022?
5
What is the hundreds digit of 943039443?
4
What is the units digit of 1347438?
8
What is the tens digit of 619976182?
8
What is the thousands digit of 278621068?
1
What is the tens digit of 5801039?
3
What is the hundreds digit of 239960050?
0
What is the ten millions digit of 586123747?
8
What is the millions digit of 41899372?
1
What is the units digit of 67181388?
8
What is the tens digit of 4873010820?
2
What is the ten millions digit of 67174135?
6
What is the ten thousands digit of 1319726650?
2
What is the hundred thousands digit of 7744261946?
2
What is the hundreds digit of 30995780?
7
What is the hundreds digit of 3239057461?
4
What is the hundred thousands digit of 71526080?
5
What is the billions digit of 1674988472?
1
What is the hundred millions digit of 126482015?
1
What is the units digit of 2180319739?
9
What is the units digit of 870213888?
8
What is the units digit of 88615641?
1
What is the tens digit of 2449538?
3
What is the thousands digit of 336046726?
6
What is the units digit of 170493577?
7
What is the hundreds digit of 50615316?
3
What is the thousands digit of 260101759?
1
What is the tens digit of 349174952?
5
What is the units digit of 418219647?
7
What is the millions digit of 1639049272?
9
What is the hundred thousands digit of 382165987?
1
What is the ten thousands digit of 522716?
2
What is the billions digit of 1113906678?
1
What is the ten millions digit of 311968410?
1
What is the hundred thousands digit of 42467526?
4
What is the hundred millions digit of 2101068162?
1
What is the hundreds digit of 100840222?
2
What is the hundred thousands digit of 398169786?
1
What is the ten thousands digit of 2979368902?
6
What is the millions digit of 12405710?
2
What is the tens digit of 144997517?
1
What is the hundred thousands digit of 79503219?
5
What is the hundreds digit of 67332804?
8
What is the thousands digit of 5433136013?
6
What is the hundreds digit of 9919674?
6
What is the tens digit of 526945?
4
What is the ten thousands digit of 64104398?
0
What is the units digit of 4575040810?
0
What is the hundred thousands digit of 273113641?
1
What is the hundred millions digit of 197867140?
1
What is the billions digit of 1117651522?
1
What is the units digit of 2088068?
8
What is the billions digit of 5429226138?
5
What is the tens digit of 425998049?
4
What is the ten thousands digit of 2330660258?
6
What is the millions digit of 89520814?
9
What is the millions digit of 6227808?
6
What is the units digit of 534145321?
1
What is the thousands digit of 118801874?
1
What is the ten millions digit of 1833133249?
3
What is the millions digit of 1728896620?
8
What is the hundreds digit of 281882520?
5
What is the units digit of 45206815?
5
What is the hundreds digit of 301276101?
1
What is the hundred thousands digit of 7326013707?
0
What is the hundreds digit of 167109756?
7
What is the units digit of 120744309?
9
What is the thousands digit of 2043595680?
5
What is the ten millions digit of 3261289857?
6
What is the thousands digit of 12945251?
5
What is the thousands digit of 1622404146?
4
What is the thousands digit of 470790774?
0
What is the hundreds digit of 14050895?
8
What is the tens digit of 620843623?
2
What is the ten millions digit of 305676976?
0
What is the thousands digit of 25591093?
1
What is the hundred thousands digit of 341110663?
1
What is the hundred millions digit of 1675734395?
6
What is the tens digit of 36942277?
7
What is the ten millions digit of 1625625658?
2
What is the hundred thousands digit of 2419841297?
8
What is the billions digit of 2342789329?
2
What is the hundred millions digit of 2243458348?
2
What is the ten millions digit of 147829277?
4
What is the tens digit of 687891230?
3
What is the tens digit of 185463046?
4
What is the units digit of 17043492?
2
What is the tens digit of 1098466715?
1
What is the ten thousands digit of 567781809?
8
What is the tens digit of 209554977?
7
What is the tens digit of 307542346?
4
What is the hundred thousands digit of 40479475?
4
What is the millions digit of 1354243625?
4
What is the hundreds digit of 112959661?
6
What is the hundred millions digit of 149242053?
1
What is the tens digit of 4052399971?
7
What is the hundreds digit of 210727626?
6
What is the hundred thousands digit of 68163819?
1
What is the millions digit of 20192182?
0
What is the units digit of 569941482?
2
What is the hundreds digit of 908917929?
9
What is the hundred millions digit of 447574841?
4
What is the millions digit of 152501349?
2
What is the hundreds digit of 205818633?
6
What is the millions digit of 17150356?
7
What is the units digit of 62843933?
3
What is the hundred thousands digit of 4272625371?
6
What is the millions digit of 995485409?
5
What is the ten thousands digit of 83070600?
7
What is the ten thousands digit of 13701800?
0
What is the hundreds digit of 129833011?
0
What is the thousands digit of 99173671?
3
What is the hundreds digit of 1290107082?
0
What is the millions digit of 55900419?
5
What is the billions digit of 2488025482?
2
What is the ten thousands digit of 61119418?
1
What is the thousands digit of 1742794047?
4
What is the units digit of 37183251?
1
What is the units digit of 14104440?
0
What is the hundred thousands digit of 8098251560?
2
What is the millions digit of 146827151?
6
What is the hundreds digit of 32992506?
5
What is the ten thousands digit of 2390768170?
6
What is the units digit of 9384046?
6
What is the units digit of 4922000314?
4
What is the units digit of 1100525390?
0
What is the hundred thousands digit of 3242676024?
6
What is the ten millions digit of 245200736?
4
What is the millions digit of 540916340?
0
What is the units digit of 496777229?
9
What is the thousands digit of 4383817508?
7
What is the hundred millions digit of 79